e remainder when 99 is divided by (-778)/s + 7/105?
21
Let i = -49374 + 49723. Calculate the remainder when i is divided by (-6)/(-21) - (-243)/7.
34
Suppose -18*b + 4911 = 334 - 5521. What is the remainder when b is divided by 179?
24
Let d = -728 - -1305. Let s = -397 + d. What is the remainder when s is divided by 14?
12
Let k = 6971 - 6967. What is the remainder when 219 is divided by k?
3
Suppose -93*f + 107*f = 140. Calculate the remainder when 1336 is divided by f.
6
Suppose 3*q + 118 = 2*z, q + 23 = -3*z + 178. Let o(n) = -2*n + 40 - 14 + 13 + n - 4. Calculate the remainder when z is divided by o(7).
25
Let l(t) = 2*t**2 - 8*t + 56. Let k be 0/(3*(-6)/(-9)). Suppose k = 2*b - 0 + 8, 3*m - 111 = -3*b. What is the remainder when l(6) is divided by m?
39
Suppose 3*f = 2*j + 16, -5*f = -7*j + 9*j. Suppose f*g + 2 + 24 = p, 4*p + 3*g - 137 = 0. Calculate the remainder when p is divided by 22.
10
Suppose 3*i + 3*c - 2928 = 0, 145*i + 3940 = 149*i - 5*c. What is the remainder when 1976 is divided by i?
16
Let a(o) = -3*o**2 + 8*o - 20. Let p(q) = -5*q**2 + 8*q - 21. Let g(w) = 4*a(w) - 3*p(w). Calculate the remainder when g(6) is divided by 70.
69
Suppose -97 = -4*b + 571. Let r = b + -113. Calculate the remainder when r is divided by (42/(-35) - -4)/(1/5).
12
Suppose 787*b - 654*b - 2793 = 0. Calculate the remainder when 26773 is divided by b.
19
Suppose 1463 = 16*u - 23*u. Let t = -200 - u. What is the remainder when 61 is divided by t?
7
Let y(d) = 17*d - 204. What is the remainder when 165 is divided by y(13)?
12
Let k = -265 + 263. Calculate the remainder when 6034/56 + -1 - k/8 is divided by 40.
27
Suppose -77 = -5*b + 6*b. Let m = -67 - b. Calculate the remainder when 47 is divided by m.
7
Suppose t - 5*k + 19 = 0, -2*k - 17 = 3*t + 3*k. Let g = t - -47. Suppose -m - 13 = -23. Calculate the remainder when g is divided by m.
8
Suppose 7*x - 128 - 12 = 0. Let l = -151 + 379. Suppose -3*n - l = -6*n. What is the remainder when n is divided by x?
16
Let v = -3461 - -3609. What is the remainder when 4732 is divided by v?
144
Let w = 976 - 809. What is the remainder when w is divided by 34?
31
Let a be 97*-3*(-5)/15. Suppose a*m = 94*m + 81. What is the remainder when 77 is divided by m?
23
Let t be 3/15 - ((-24)/30)/(-4). Suppose -2 = 2*g, t = 3*p + 8*g - 5*g - 249. What is the remainder when p is divided by 25?
9
Suppose -42 = -a - v, -491*v + 156 = 4*a - 490*v. What is the remainder when ((-10)/3)/(2/(-60)) is divided by a?
24
Suppose 0 = 36*k + 13*k. Let o(t) = -t**3 - 7*t**2 + 6. Let m be o(-7). Suppose m*p - p - 75 = k. What is the remainder when p is divided by 4?
3
Suppose -4*h - 3*h = -142 - 40. What is the remainder when 3974 is divided by h?
22
Suppose 88 = 5*p - 82. Let a be (-2 - -1)/(2/(-1514)). Let k = a - 521. Calculate the remainder when k is divided by p.
32
Suppose 761 = 7*f - 4818. Let v = -554 + f. What is the remainder when v is divided by 49?
47
Let i(h) = -6*h - 69. Let z be i(-12). Suppose -4*g + 5*t + 23 = -125, -104 = -z*g + 2*t. What is the remainder when 40 is divided by g?
8
Let p(b) = -918*b + 935. What is the remainder when 686/6 + 1/(-3) is divided by p(1)?
12
Let f(k) = -k**3 + 8*k**2 + 10*k - 3. Calculate the remainder when (-6903)/59*(-4)/9 is divided by f(9).
4
Let y = -73083 - -73103. Let z(i) = i**3 - 5*i**2 - i - 6. What is the remainder when z(6) is divided by y?
4
Suppose p = -4*r - 236, 5*p + 305 = -3*r - 926. Let u = -731 - p. Calculate the remainder when 33 is divided by 3/8 - u/56.
6
Let a(n) = -386*n + 3546. What is the remainder when 1578 is divided by a(9)?
66
Let o(h) = h**2 - 2*h - 19. Let j be o(-6). Suppose 31*w - 176 = j*w. What is the remainder when w is divided by 18?
16
Suppose 6 = 4*a - 70. Suppose -3*d + a = 4. Let c = 27 - d. What is the remainder when 84 is divided by c?
18
Suppose -i = -3*r - 17, -4*i - r = -2*i - 13. What is the remainder when 73332/945 + ((-51)/(-15) - (-9)/(-3)) is divided by i?
6
Let t(j) = j**3 - 9*j**2 - 10*j + 186. Calculate the remainder when 2140 is divided by t(8).
40
Suppose 384*z - 452*z = -14892. Calculate the remainder when z is divided by 50.
19
Let q = 837 - 783. Let c(h) be the second derivative of 4*h**3/3 - 13*h**2/2 + 9*h. Calculate the remainder when c(15) is divided by q.
53
Suppose -7*d + 8*d - 31 = 0. Suppose -3*l + d = -32. Suppose -8*x + l = -5*x. What is the remainder when 32 is divided by x?
4
Let z = 4254 + -3052. Calculate the remainder when z is divided by 101.
91
Let f be (-88 - 0)/(-2) + 0. Let v = -3884 + 3887. What is the remainder when -48*(v + f/(-12)) is divided by 18?
14
Let i = 40 + -37. Suppose 20*z - 32 = 16*z. Let a = z + -6. Calculate the remainder when i is divided by a.
1
Let t(h) be the first derivative of -h**4/4 - 5*h**3/3 + 11*h**2 - 8*h - 36. What is the remainder when 157 is divided by t(-8)?
5
Suppose 4*w + 2*g - 2504 = 4136, 5*w - 2*g - 8318 = 0. Calculate the remainder when w is divided by 5.
2
Suppose -15 = -3*k + 36. Suppose -121 = -5*n + 2*b + 98, 2*n - 75 = 5*b. Calculate the remainder when n is divided by k.
11
Let b(l) = l**2 + 5*l + 4. Let z be b(-5). What is the remainder when z/(-22) - 8460/(-66) is divided by 4/12 + 303/9?
26
Suppose -4*z = 2*k - 2*z - 18, -4*k - 3*z + 36 = 0. Let w = 83 - 63. Let q(a) = a**3 - 22*a**2 + 40*a + 26. Calculate the remainder when q(w) is divided by k.
8
Let q = -3 - -2. Let g = -208 + 206. Calculate the remainder when (q/g)/((-3)/(-228)) is divided by 13.
12
Let g = -160 - -72. Let v = g - -148. Calculate the remainder when v is divided by 2 + 20/(-11) - 1356/(-44).
29
Suppose 0 = -17*b - 100 + 287. Suppose -b*k + 10*k = -80. What is the remainder when k is divided by 59?
21
Calculate the remainder when 3310 is divided by 29/(-58) + 365/10.
34
Suppose -4*q = -22 - 2. Calculate the remainder when 269 is divided by -78*((-9)/3)/q.
35
Let d(p) = -2*p**2 + 11*p - 12. Let m be d(6). What is the remainder when ((-480)/21)/(m/63) is divided by 12?
8
Suppose 326 = -14*y + 18*y - j, -2*y + 2*j = -154. Calculate the remainder when 479 is divided by y.
64
Suppose -2*g + 4 = 0, 6*g - 10*g = 4*v - 6728. Suppose -v = 170*j - 178*j. What is the remainder when j is divided by 71?
68
Let n = 115 + 28. Let x = 155 - n. Suppose -4*z - z = -170. What is the remainder when z is divided by x?
10
Let p be (261/116)/(363/(-180) - -2). Calculate the remainder when 14 is divided by 4/6 - 450/p.
2
Let o = -14430 - -14784. Calculate the remainder when o is divided by 52.
42
Let y be (-3)/1 + (5 - 2) - -4. What is the remainder when -21*(0/y - 1) + 5 is divided by 11?
4
Let b(x) = 9*x**2 - 97*x - 778. Calculate the remainder when 920 is divided by b(-7).
236
Let h(l) = l**2 - 7*l + 21. Suppose 18 = 11*i - 9*i. Suppose 4*f + n + 3 = -0*f, -f + 3*n + i = 0. Calculate the remainder when 81 is divided by h(f).
18
Suppose -5*d = s + 7 + 8, 20 = -5*d. Suppose -s*x - 6*x + 66 = 0. Let l(p) = p**2 - 5*p + 1. What is the remainder when 68 is divided by l(x)?
5
Let q be (-2)/1*-1*(-15)/6. Let r(a) = a**3 + 3*a**2 - 9*a + 3. Let m be r(q). What is the remainder when 49 - (13/7 + m/(-14)) is divided by 6?
5
Suppose 2*f - 545 = -g, 6*g - g = -5*f + 1350. Calculate the remainder when 553 is divided by f.
3
Suppose 2*d - 58 = -4*z, 3*d + 360 = 357. Calculate the remainder when 4/(0 - 2/(-539)) is divided by z.
13
Suppose 12*g - 8*g - 100 = 0. Let i = 28 - g. Calculate the remainder when (-2)/(i/(-18*2)) is divided by 14.
10
Suppose 5*f - 81 = -v, f + 452*v - 447*v - 21 = 0. Suppose -2*h + 255 = b, -302 = 3*b + 3*h - 1067. Calculate the remainder when b is divided by f.
15
Let d be (-4)/(-3)*(-30)/(-20). Suppose 0 = 4*s + 2*q - 22, 3*s - d*q = -0 - 1. What is the remainder when 6 is divided by s?
0
Suppose 9*f = -6*f - 735. Let b(j) = j**2 - 6. Let a be b(0). Let z = a - f. Calculate the remainder when z is divided by 12.
7
What is the remainder when 88 is divided by ((-40)/(-12) - 3)*105?
18
Let x(z) = -2*z - 18. Let g be x(-11). Let d(q) = 5*q + 6. Calculate the remainder when 100 is divided by d(g).
22
Let n = 194 - 141. Calculate the remainder when n is divided by (((-66)/(-2))/3)/1.
9
Suppose 4*g - 3*s - 901 = 0, 1 + 2 = -s. Suppose -17*m + 7*m + 738 - 178 = 0. Calculate the remainder when g is divided b